664 and 8?
8
What is the highest common divisor of 136 and 264877?
17
What is the greatest common factor of 6615 and 266?
7
What is the greatest common factor of 3082170 and 13?
13
Calculate the greatest common factor of 1624 and 2900.
116
Calculate the highest common factor of 404615 and 15.
5
What is the highest common factor of 5504 and 10492?
172
What is the highest common divisor of 88 and 1714416?
88
What is the highest common factor of 193 and 1689329?
193
Calculate the highest common factor of 3589 and 3104.
97
Calculate the highest common divisor of 21 and 212387.
7
Calculate the greatest common factor of 11 and 88759.
11
Calculate the greatest common factor of 266754 and 3450.
138
What is the greatest common factor of 864 and 453249?
27
Calculate the highest common factor of 87476 and 399.
19
What is the greatest common divisor of 704790 and 12?
6
Calculate the highest common factor of 25872 and 5208.
168
What is the greatest common factor of 56100 and 31100?
100
Calculate the greatest common factor of 7918 and 3404.
74
Calculate the highest common factor of 671930 and 406.
406
Calculate the greatest common divisor of 147 and 10815.
21
What is the greatest common factor of 13764 and 15429?
111
Calculate the greatest common factor of 61625 and 170.
85
What is the highest common divisor of 378335 and 136?
17
Calculate the highest common divisor of 56448 and 936.
72
Calculate the highest common factor of 135 and 369630.
135
What is the greatest common divisor of 1522716 and 1135?
227
What is the greatest common factor of 55752 and 909?
303
Calculate the highest common factor of 20711 and 1529.
139
Calculate the highest common factor of 104 and 100552.
8
What is the greatest common factor of 306880 and 448?
448
Calculate the greatest common divisor of 5400 and 7380.
180
Calculate the highest common divisor of 47231 and 92521.
647
Calculate the highest common divisor of 4584 and 384.
24
Calculate the highest common divisor of 10068 and 30.
6
Calculate the highest common divisor of 1598 and 8483.
17
What is the greatest common factor of 3615 and 27?
3
What is the greatest common divisor of 4072515 and 15?
15
Calculate the highest common divisor of 126 and 2905182.
126
Calculate the highest common divisor of 55080 and 270.
270
What is the greatest common factor of 4977 and 189?
63
What is the greatest common divisor of 43802 and 2534?
362
Calculate the greatest common divisor of 6106 and 8127.
43
What is the highest common factor of 42150 and 9554?
562
What is the highest common factor of 55772 and 584?
292
What is the highest common divisor of 12 and 2236452?
12
What is the highest common divisor of 885 and 60?
15
What is the highest common divisor of 8 and 103?
1
What is the greatest common divisor of 176433 and 69?
69
What is the highest common factor of 20723 and 2737?
391
Calculate the greatest common factor of 1476 and 161376.
492
What is the highest common factor of 25088 and 49?
49
Calculate the greatest common divisor of 21 and 242683.
7
What is the greatest common factor of 202 and 1581761?
101
Calculate the highest common divisor of 316421 and 28.
7
Calculate the highest common factor of 598 and 4922.
46
Calculate the greatest common divisor of 950 and 120700.
50
What is the highest common factor of 88 and 49214?
22
Calculate the greatest common divisor of 90 and 1051398.
18
Calculate the highest common factor of 20835 and 14353.
463
Calculate the greatest common factor of 779 and 7125.
19
What is the highest common divisor of 189 and 4545954?
63
What is the greatest common divisor of 1298527 and 67?
67
Calculate the greatest common divisor of 6478535 and 5.
5
What is the highest common factor of 13169123 and 11?
11
Calculate the highest common factor of 811692 and 108.
36
What is the greatest common factor of 3738 and 14774?
178
Calculate the highest common divisor of 1494939 and 285.
57
What is the greatest common divisor of 7272 and 36663?
303
What is the highest common factor of 323456 and 14?
14
What is the highest common factor of 3600 and 45456?
48
Calculate the highest common divisor of 16 and 2610416.
16
What is the highest common factor of 107 and 228017?
107
Calculate the greatest common divisor of 198 and 322212.
66
Calculate the greatest common divisor of 470 and 4058215.
235
What is the highest common divisor of 2406 and 210?
6
Calculate the greatest common factor of 4434 and 24.
6
What is the highest common divisor of 3876 and 4332?
228
What is the highest common divisor of 198515 and 10?
5
What is the highest common divisor of 36 and 14916?
12
Calculate the highest common divisor of 1554 and 7266.
42
What is the greatest common factor of 5822 and 81934?
142
What is the greatest common divisor of 9930 and 180?
30
Calculate the highest common factor of 280 and 98320.
40
What is the greatest common divisor of 270 and 39750?
30
Calculate the highest common divisor of 805 and 58075.
115
What is the highest common divisor of 792 and 125532?
396
Calculate the highest common divisor of 2556 and 988604.
284
Calculate the greatest common factor of 5084 and 4216.
124
Calculate the highest common factor of 9715 and 25393.
67
Calculate the greatest common factor of 671 and 7137.
61
What is the greatest common factor of 6300 and 701820?
1260
What is the highest common factor of 223944 and 357?
21
Calculate the greatest common divisor of 41152 and 832.
64
What is the highest common divisor of 231570 and 3?
3
Calculate the highest common factor of 33 and 711.
3
What is the greatest common divisor of 61440 and 15?
15
Calculate the greatest common factor of 2313 and 873.
9
What is the highest common factor of 117336 and 96?
24
Calculate the greatest common divisor of 69 and 49243.
23
What is the highest common divisor of 433327 and 577?
577
What is the greatest common factor of 731 and 424195?
43
Calculate the highest common factor of 304132 and 417.
139
Calculate the highest common factor of 21783 and 3074.
53
What is the highest common factor of 131 and 175409?
131
What is the highest common divisor of 703 and 5871?
19
What is the highest common divisor of 2325 and 22050?
75
What is the highest common divisor of 58720 and 240385?
1835
What is the greatest common divisor of 660 and 780?
60
Calculate the highest common factor of 125 and 128750.
125
What is the highest common factor of 304 and 79952?
304
Calculate the highest common divisor of 174 and 1003342.
58
Calculate the greatest common divisor of 416 and 3771248.
208
What is the highest common factor of 2695 and 3?
1
Calculate the highest common divisor of 590 and 213934.
118
Calculate the highest common factor of 403091 and 533.
13
What is the greatest common divisor of 1100 and 136180?
220
Calculate the highest common divisor of 1090 and 5400.
10
What is the greatest common factor of 2047 and 445?
89
Calculate the highest common factor of 13244 and 272104.
1204
What is the greatest common factor of 551 and 174?
29
Calculate the greatest common divisor of 17556 and 8.
4
What is the greatest common factor of 1873950 and 7688?
1922
Calculate the highest common factor of 90 and 391536.
18
What is the highest common factor of 764516 and 2620?
524
What is the greatest common factor of 6072 and 8?
8
What is the greatest common factor of 10 and 2378?
2
What is the highest common factor of 21353 and 2227?
131
Calculate the highest common divisor of 100 and 139980.
20
What is the highest common divisor of 842053 and 713?
713
What is the greatest common factor of 880 and 5687?
11
What is the highest common divisor of 988714 and 74?
74
What is the greatest common factor of 4557610 and 20?
10
Calculate the greatest common factor of 19837 and 137186.
239
Calculate the highest common factor of 60909 and 167307.
771
What is the greatest common divisor of 3224 and 28613?
403
Calculate the greatest common factor of 188 and 17643048.
188
Calculate the highest common divisor of 39 and 166673.
13
What is the highest common divisor of 9984 and 9516?
156
What is the greatest common divisor of 408 and 92973?
51
What is the greatest common factor of 16 and 107872?
16
What is the highest common factor of 278876 and 519?
173
What is the highest common divisor of 1863 and 22761?
81
Calculate the 